git of 101542?
2
What is the hundreds digit of 1790?
7
What is the ten thousands digit of 136348?
3
What is the units digit of 620?
0
What is the ten thousands digit of 12937?
1
What is the thousands digit of 21999?
1
What is the hundreds digit of 2567?
5
What is the units digit of 811?
1
What is the tens digit of 1068?
6
What is the tens digit of 470?
7
What is the tens digit of 2948?
4
What is the thousands digit of 2055?
2
What is the tens digit of 1042?
4
What is the units digit of 9410?
0
What is the ten thousands digit of 53722?
5
What is the tens digit of 94487?
8
What is the hundreds digit of 14510?
5
What is the ten thousands digit of 25697?
2
What is the thousands digit of 3589?
3
What is the thousands digit of 20682?
0
What is the units digit of 12351?
1
What is the tens digit of 361?
6
What is the units digit of 657?
7
What is the hundreds digit of 23700?
7
What is the units digit of 4623?
3
What is the thousands digit of 1709?
1
What is the thousands digit of 27391?
7
What is the units digit of 304?
4
What is the thousands digit of 1098?
1
What is the hundreds digit of 79534?
5
What is the tens digit of 5907?
0
What is the units digit of 41399?
9
What is the thousands digit of 8312?
8
What is the hundreds digit of 1005?
0
What is the units digit of 7336?
6
What is the units digit of 24807?
7
What is the hundreds digit of 2264?
2
What is the thousands digit of 12568?
2
What is the tens digit of 924?
2
What is the hundreds digit of 1482?
4
What is the tens digit of 2030?
3
What is the ten thousands digit of 21296?
2
What is the tens digit of 4483?
8
What is the hundreds digit of 733?
7
What is the ten thousands digit of 13044?
1
What is the hundreds digit of 5413?
4
What is the ten thousands digit of 15140?
1
What is the hundreds digit of 31305?
3
What is the thousands digit of 4191?
4
What is the units digit of 615?
5
What is the ten thousands digit of 14062?
1
What is the tens digit of 9508?
0
What is the tens digit of 14276?
7
What is the thousands digit of 36844?
6
What is the thousands digit of 21520?
1
What is the hundreds digit of 917?
9
What is the ten thousands digit of 17349?
1
What is the ten thousands digit of 38162?
3
What is the units digit of 1673?
3
What is the tens digit of 72698?
9
What is the units digit of 10625?
5
What is the thousands digit of 7922?
7
What is the thousands digit of 1970?
1
What is the thousands digit of 6573?
6
What is the ten thousands digit of 49130?
4
What is the hundreds digit of 52587?
5
What is the tens digit of 21981?
8
What is the hundreds digit of 308?
3
What is the thousands digit of 10751?
0
What is the hundreds digit of 665?
6
What is the hundreds digit of 15708?
7
What is the hundred thousands digit of 100330?
1
What is the tens digit of 5196?
9
What is the tens digit of 3608?
0
What is the hundreds digit of 16627?
6
What is the tens digit of 71?
7
What is the tens digit of 884?
8
What is the tens digit of 18331?
3
What is the tens digit of 40379?
7
What is the units digit of 1596?
6
What is the thousands digit of 30226?
0
What is the tens digit of 87141?
4
What is the units digit of 624?
4
What is the hundreds digit of 2713?
7
What is the units digit of 404?
4
What is the thousands digit of 4102?
4
What is the ten thousands digit of 28441?
2
What is the units digit of 28147?
7
What is the thousands digit of 47525?
7
What is the hundreds digit of 6551?
5
What is the hundreds digit of 23201?
2
What is the units digit of 2362?
2
What is the units digit of 16?
6
What is the thousands digit of 23644?
3
What is the hundreds digit of 1206?
2
What is the units digit of 2309?
9
What is the units digit of 69634?
4
What is the units digit of 1055?
5
What is the hundreds digit of 5951?
9
What is the thousands digit of 31270?
1
What is the units digit of 13952?
2
What is the tens digit of 551?
5
What is the tens digit of 4867?
6
What is the hundreds digit of 9049?
0
What is the thousands digit of 1560?
1
What is the units digit of 1215?
5
What is the thousands digit of 39111?
9
What is the ten thousands digit of 76191?
7
What is the hundreds digit of 51088?
0
What is the tens digit of 133?
3
What is the units digit of 8368?
8
What is the thousands digit of 7626?
7
What is the hundreds digit of 17061?
0
What is the ten thousands digit of 25528?
2
What is the hundreds digit of 7262?
2
What is the hundreds digit of 7111?
1
What is the hundreds digit of 521?
5
What is the tens digit of 1664?
6
What is the units digit of 3781?
1
What is the hundreds digit of 3912?
9
What is the tens digit of 13197?
9
What is the units digit of 1929?
9
What is the units digit of 961?
1
What is the tens digit of 17701?
0
What is the units digit of 12364?
4
What is the units digit of 4088?
8
What is the ten thousands digit of 55970?
5
What is the ten thousands digit of 37554?
3
What is the hundreds digit of 3477?
4
What is the thousands digit of 69875?
9
What is the units digit of 42597?
7
What is the units digit of 22483?
3
What is the tens digit of 27536?
3
What is the units digit of 628?
8
What is the thousands digit of 3031?
3
What is the units digit of 25909?
9
What is the hundreds digit of 50624?
6
What is the units digit of 1286?
6
What is the thousands digit of 1982?
1
What is the ten thousands digit of 28325?
2
What is the thousands digit of 32474?
2
What is the units digit of 66203?
3
What is the units digit of 970?
0
What is the tens digit of 10376?
7
What is the units digit of 9?
9
What is the tens digit of 1514?
1
What is the tens digit of 3182?
8
What is the ten thousands digit of 35012?
3
What is the hundreds digit of 1254?
2
What is the hundreds digit of 6419?
4
What is the ten thousands digit of 52454?
5
What is the tens digit of 1084?
8
What is the units digit of 4804?
4
What is the units digit of 3659?
9
What is the ten thousands digit of 22554?
2
What is the tens digit of 7271?
7
What is the hundred thousands digit of 139956?
1
What is the tens digit of 1198?
9
What is the units digit of 20432?
2
What is the thousands digit of 8616?
8
What is the units digit of 545?
5
What is the tens digit of 14205?
0
What is the units digit of 1138?
8
What is the units digit of 58270?
0
What is the ten thousands digit of 90772?
9
What is the hundreds digit of 84219?
2
What is the ten thousands digit of 15840?
1
What is the ten thousands digit of 50911?
5
What is the hundreds digit of 906?
9
What is the hundreds digit of 286?
2
What is the tens digit of 9988?
8
What is the units digit of 153?
3
What is the ten thousands digit of 32232?
3
What is the hundreds digit of 7022?
0
What is the hundreds digit of 10905?
9
What is the units digit of 8553?
3
What is the thousands digit of 15609?
5
What is the tens digit of 880?
8
What is the thousands digit of 91790?
1
What is the hundreds digit of 4634?
6
What is the thousands digit of 5087?
5
What is the tens digit of 43231?
3
What is the hundreds digit of 1093?
0
What is the thousands digit of 3574?
3
What is the tens digit of 600?
0
What is the units digit of 11911?
1
What is the hundreds digit of 2646?
6
What is the hundreds digit of 5434?
4
What is the hundreds digit of 14976?
9
What is the ten thousands digit of 18837?
1
What is the thousands digit of 11587?
1
What is the thousands digit of 161561?
1
What is the units digit of 104484?
4
What is the tens digit of 2923?
2
What is the tens digit of 246?
4
What is the hundreds digit of 42147?
1
What is the hundreds digit of 323?
3
What is the thousands digit of 162143?
2
What is the hundreds digit of 59986?
9
What is the tens digit of 540?
4
What is the units digit of 369?
9
What is the units digit of 5558?
8
What is the thousands digit of 59166?
9
What is the tens digit of 255?
5
What is the tens digit of 1021?
2
What is the units digit of 2718?
8
What is the tens digit of 1713?
1
What is the thousands digit of 42010?
2
What is the tens digit of 765?
6
What is the hundreds digit of 16965?
9
What is the tens digit of 4287?
8
What is the units digit of 1014?
4
What is the units digit of 7500?
0
What is the units digit of 37508?
8
What is the units digit of 9055?
5
What is the thousands digit of 1918?
1
What is the ten thousands digit of 17331?
1
What is the ten thousands digit of 57929?
5
What is the tens digit of 454